+ 166. What is the units digit of f?
9
Let j(f) be the second derivative of -f**3/6 - 7*f**2 + 5*f. Let b be j(-14). Suppose 88 = 5*a - 2*m, -2*a = -b*a + 2*m - 38. What is the units digit of a?
8
Suppose -b - 4*b - 5*x + 170 = 0, 0 = -5*b - x + 182. Let g = b - 22. Suppose g*j = 13*j + 12. What is the units digit of j?
6
Suppose -5*w = 20, -34*w = -3*z - 32*w + 5609. What is the units digit of z?
7
Let z(n) be the second derivative of 0 - 3*n + 10/3*n**3 - 1/2*n**2. What is the units digit of z(2)?
9
Let v(o) = 8*o - 10. Let j be v(7). Let f = 83 - j. Suppose 88 = 5*t - f. What is the units digit of t?
5
Let f(j) = 13*j**2 + 62*j + 66. What is the units digit of f(-11)?
7
Let l(c) = -c + 6. Let b(p) = -p**2 - 8*p + 4. Let u(t) = -t**3 + 11*t**2 - 11*t. Let x be u(10). Let n be b(x). What is the units digit of l(n)?
2
Let l be (-2545)/(-65) - 4/26. Suppose 134 - l = 5*b. Suppose 2*p - b = 21. What is the tens digit of p?
2
What is the hundreds digit of (56/21)/(-4) + (-1582)/(-6)?
2
Let x(r) = 6*r**2 - 15*r + 21. What is the hundreds digit of x(9)?
3
Suppose -12*x + 21922 = -36290. What is the tens digit of x?
5
What is the hundreds digit of (11/(33/1854))/(12/8)?
4
Suppose -2*v - d - 310 = -3*v, 4*v + 3*d - 1240 = 0. What is the tens digit of v?
1
Let l = -4 + -3. Suppose t + 13 = 52. Let z = l + t. What is the units digit of z?
2
Let v be -4 + -5 + 8 + (1 - 3). What is the units digit of (-280 + 2)/(1 + v)?
9
Let v = 725 - -445. Suppose 5*z - 2*y - v = 0, 85 = -3*z + y + 787. What is the hundreds digit of z?
2
Suppose 5*i + 1 = -0*g - 2*g, 4*i = 5*g + 52. Let q = 11 + g. Suppose 0 = 5*p + j - 23, q*p - p = -j + 8. What is the units digit of p?
5
Let x = 14 - 7. Suppose -x*k = -3*k. Suppose -13 + k = -n. What is the tens digit of n?
1
Let a = -18 - -20. Suppose -a*k + 219 = 19. Suppose -2*y = -0*y - k. What is the units digit of y?
0
Let t(u) = -2*u**3 - 4*u**2 - 11*u + 29. What is the thousands digit of t(-10)?
1
Let x = -500 - -326. What is the tens digit of x/(-5) - (-44)/(-55)?
3
Let y = -67 + 68. What is the tens digit of (-5474)/(-136)*1/y*4?
6
Let b(p) = -10*p - 3. Let r be b(-3). Let q = r + 2. What is the tens digit of q?
2
What is the units digit of ((-117)/17 - 66/561) + 2633?
6
What is the units digit of 24/(-12*6/(-528))?
6
Suppose -5*f = -2*f - 3. Suppose -d + 5 = f. Suppose 5*x = -2*b + 316, -d*x + 4*b + 264 = -0*b. What is the units digit of x?
4
Let g(i) = -i**3 - 8*i**2 + 11*i - 1. Let x be g(-11). Suppose -2*o - r = -0*r - x, 0 = o + 2*r - 113. What is the tens digit of o?
2
Let n(v) = v + 13. Let b be n(-4). What is the tens digit of 3 + -3*(-105)/b?
3
Suppose 3 + 15 = 3*b. What is the units digit of 58 + b + -4 - 0?
0
Suppose -6*a + 135 - 27 = 0. Let w = 51 - a. What is the units digit of w?
3
Suppose n - 2*n = -1049. What is the units digit of n?
9
Suppose 0 = 2*d + 5*d + 252. Let x = 37 + d. Suppose 0 = -g - 3, h + 2*g = 3 + x. What is the units digit of h?
0
Suppose 3*b + 7*x - 2*x = 74, 5*b - 98 = -2*x. Let y(u) = u**2 - 2*u - 5. Let z be y(7). Let v = z - b. What is the tens digit of v?
1
Let k = -3 + 5. Suppose 0 = 5*s + w - k + 4, -3*w = 4*s - 5. What is the units digit of s + 1 - (3 - 29)?
6
Suppose -4*k = 13 - 21. Suppose 3*n + 5*o = 173, 94 = k*n + 5*o - 18. What is the units digit of n?
1
Suppose -9*d + 6*d = 45. What is the units digit of d/(-20) - (-730)/8?
2
Let b be (-1)/2*-214*1. Suppose -4*d - 109 = t, 0 = -2*d - 2*d + t - b. Let n = d + 49. What is the units digit of n?
2
Suppose 3*r + 17 = p, -2*r - 7 = -p - r. Suppose s - 2*s = -3. What is the units digit of (-1 - p)*s/(-9)?
1
Let b(y) = 1345*y**3 + 4*y**2 - 3*y + 1. What is the thousands digit of b(1)?
1
What is the hundreds digit of (2/6)/(13/35412)?
9
Let d(o) = 28*o - 2. Let w = 18 - 18. Suppose w = 4*f - 4. What is the tens digit of d(f)?
2
Let d be (-12)/((9/72)/(2/12)). Let z(s) = -9*s + 50. What is the hundreds digit of z(d)?
1
Let b(c) = -5*c - 1. Let t be b(-1). Suppose -k + 105 + 30 = 4*p, 0 = -5*p - t*k + 177. What is the units digit of p?
3
Let i(g) = -g**3 - 18*g**2 - 18*g - 42. What is the hundreds digit of i(-18)?
2
Let i be (-2)/(-1 - 3)*0. Suppose -5*p + 35 = -i*p. Let a(x) = x**2 - 3*x + 6. What is the tens digit of a(p)?
3
Suppose -9*b + 68 = -5*b. Suppose -i + 15 = -b. What is the tens digit of i?
3
Suppose 4*z - 136 = 3*z - 3*l, 5*z + 2*l = 719. Suppose 4*h + z - 1189 = 0. What is the tens digit of h?
6
Suppose 3*a - 252 = 447. What is the hundreds digit of a?
2
Let x(v) = -3*v - 4*v**3 + v**3 - 1 - 4*v**2 - 2*v**3 + 4*v**3. Let z be x(-2). Let h = 10 + z. What is the units digit of h?
7
Let o(s) be the first derivative of s**5/120 - s**4/24 - 4*s**3/3 - 4. Let f(w) be the third derivative of o(w). What is the units digit of f(3)?
2
Suppose 80 = -19*k + 23*k. Suppose 5*f = 195 - k. What is the units digit of f?
5
Let o(j) = 2*j**2 - 14*j + 10. Let m(u) = 4 + u - 1 + 2 + 1. Let y be m(3). What is the units digit of o(y)?
6
Let o = -28 - -36. Suppose 2*t - 4*t - o = 0, 0 = -4*q + 3*t + 308. What is the tens digit of q?
7
Let s be 0/(3 + -2) - -118. Suppose 3*x + 16 = s. Let q = x - -15. What is the tens digit of q?
4
Suppose 5*n = -z + 26, -4*z + 0*z = 2*n - 14. Suppose 2*g + 3*k = 168, 420 = n*g - 2*k - 3*k. What is the tens digit of g?
8
Suppose 0 = 3*h + 2*h. Suppose 0 = 4*w - 0 - 8. Suppose h = w*f - 0*f - 64. What is the tens digit of f?
3
Let l = -93 + 1144. What is the units digit of l?
1
Suppose 2*h - 9*h + 2933 = 0. What is the hundreds digit of h?
4
Suppose -4*d + 26 = -3*o + 5*o, -3*o = 9. Let w = d - -63. What is the units digit of w?
1
Let b be -1 + -2*(-1)/2. Let v(y) = y**3 + y**2 - y + 46. What is the units digit of v(b)?
6
Suppose -2*w = -3*w - 2*u + 6, 4*w + 5*u = 18. Let j = -245 - -249. Suppose -j*g + 58 = -w*g. What is the tens digit of g?
2
Suppose 4*k = -4*f + 2*k + 5554, 4*f - k = 5539. What is the hundreds digit of f?
3
Let f be 25290/63 + 9/(-21). Suppose 0 = -5*s + f + 19. What is the units digit of s?
4
What is the units digit of 95*10/50*6?
4
Suppose 0 = a + 4, 1 + 3 = u - a. Suppose 32 = -u*d + d. What is the units digit of d?
2
Let g = -10 + 13. Suppose c - 1 = g*i - 2, -43 = -5*c + 3*i. What is the units digit of c - (0 + 1) - 1?
9
Suppose 0 = y + y - 116. Let n = y + -38. What is the units digit of n + -2*(3 + -1)?
6
What is the hundreds digit of (3 + -4)/(1/(-191))?
1
Let o(b) = b**2 - 8*b + 11. Let t be o(7). Suppose -3*x = -127 + t. What is the units digit of x?
1
Let o be 104*2*3/12. What is the tens digit of (o + 3)*(-6)/(-15)?
2
Let r(d) = -d**3 + 27*d**2 - 11*d - 67. What is the thousands digit of r(12)?
1
Let r = -8 - -11. Suppose -2*o + 86 = -s, 7*s = 4*o + r*s - 164. What is the tens digit of o?
4
Let k be (5 - 2 - 2)/(-1). Let r be (k + -7)/(-4 + 2). Let b(x) = 4*x + 2. What is the units digit of b(r)?
8
Let t be (-2)/(-1)*3*38/(-38). Let s be (-3)/9 - 145/(-3). Let c = t + s. What is the units digit of c?
2
Let o(i) = 87*i - 205. What is the units digit of o(8)?
1
Suppose 25*c = 90257 - 20232. What is the hundreds digit of c?
8
Let d be -59*15/(4 + -7). What is the tens digit of 8/36 - d/(-9)?
3
Let r(u) = 10*u**3 - 3*u**2 - 7*u + 4. Let k be r(3). Suppose -8 + k = g. What is the hundreds digit of g?
2
Let x = 1488 + -1028. What is the units digit of x?
0
Suppose -l - 2*s = -2020, -5*l + 4*s = -8*l + 6054. What is the thousands digit of l?
2
What is the units digit of 2147 + (63/35)/(3/(-10))?
1
Let r = 15 + -11. Suppose 0 = h + r*h + 330. What is the tens digit of (-181)/(-3) + 22/h?
6
Suppose -2*o + 4*m + 1178 = 0, -79 = -3*o - m + 1702. What is the tens digit of o?
9
Let z(w) = 4*w**3 - 10*w**2 - 8*w + 39. What is the units digit of z(10)?
9
Suppose -3*v - 6 = -3*n, 5*v - 4*n + 0 + 5 = 0. Let u be ((-4)/10)/(1/(-5)). Let c = v - u. What is the units digit of c?
1
Let k be ((-6)/4)/3*-28. Let d = 14 - -3. Let b = d - k. What is the units digit of b?
3
Suppose -5*z = 2*k + k - 11, -z - 8 = 4*k. Let w be 97/8 - (-7)/(-56). Suppose z*m - 6*m + w = 0. What is the units digit of m?
6
Suppose 4*m - 2*m - 5457 = 3*d, 5*d - 15 = 0. What is the units digit of m?
3
Let z(j) = -78*j**3 + 4*j + 3. Let o be z(-2). Suppose 8*p - 3*p + 2*q = o, 0 = -4*p - 5*q + 485. What is the hundreds digit of 